 -h + l, 0 = 4*h - 3*b - 31. List the prime factors of h.
2, 5
What are the prime factors of 6/30 + 408/10?
41
Let d(a) = 17*a - 10. Let j be d(4). Suppose -j = -3*m + v, -5*v = -5*m + 3*m + 17. List the prime factors of m.
3, 7
Suppose x + 4*x = 20. List the prime factors of (-31)/(-11) - x/(-22).
3
Let c(d) = d**2 + 6*d + 2. Suppose 4*s - 6 = 3*b, 3*s + 12 = -5*b - 27. Let h be c(b). Suppose h*p - 12 = -p. What are the prime factors of p?
2
Let d(h) = h**2. Let r be d(2). Suppose -a = -r*a + 9. What are the prime factors of (1 + -4)/(a/(-8))?
2
Suppose 0 = -0*j + j. Suppose j = 3*b + 17 - 5. What are the prime factors of 2 + 0 - 28/b?
3
Suppose 0 = 5*n - 3*n - 4. Suppose -5*z + n*v + 29 = 0, -4*z - 5 = -5*v - 18. Let i = z - -10. List the prime factors of i.
17
Let q(h) = -h + 10. Suppose 0*j = 3*s - 2*j - 12, -3*s = 2*j - 24. Let r be q(s). Suppose -24 = -r*p + p. List the prime factors of p.
2
Let t(w) = -w**2 + 5*w - 3. Suppose -5*d + 2*q + 15 = 0, 0 = d + 3*q - 1 - 2. List the prime factors of t(d).
3
Let w(k) = -k**3 - 3*k**2 - 4*k - 3. Let s be w(-2). Let m = -3 + s. List the prime factors of (6 - 2) + m - -1.
3
Let s(j) = 57*j - 53. What are the prime factors of s(5)?
2, 29
Let z(a) = -2*a - 1. Let g be z(8). Suppose p - 31 + 4 = 0. Let f = g + p. What are the prime factors of f?
2, 5
Suppose -5*f + 12 = -2*f. Let z = f + -5. What are the prime factors of 5/(-5) - (z + -15)?
3, 5
Let i(f) = 5*f**2 + 8*f - 13. Let a(o) = 11*o**2 + 16*o - 27. Let y(z) = 6*a(z) - 13*i(z). What are the prime factors of y(12)?
5, 11
Let y(u) be the second derivative of -2*u**3/3 - u**2 + 2*u. Suppose -5*x + 0 = 10. What are the prime factors of y(x)?
2, 3
Suppose -4*v + 8 = -0*v. Let g = 20 - v. What are the prime factors of 112/g + 2/(-9)?
2, 3
Let o(n) = 2*n**2 + 6*n + 4. Let q be o(-5). Let j = -17 + q. List the prime factors of j/2 - (-9)/18.
2
Let x = 4 + 7. List the prime factors of x.
11
Suppose 7*f + 45 = 2*f. Let t = -9 - f. Let j = t + 16. List the prime factors of j.
2
Let n(v) = -v**3 - 12*v**2 - 12*v + 9. List the prime factors of n(-11).
2, 5
Suppose 2 = -i + 30. What are the prime factors of i?
2, 7
Let h(z) = -7*z**3 - 9*z**2 - 6*z + 10. Let f(x) = -20*x**3 - 26*x**2 - 17*x + 29. Let r(m) = -6*f(m) + 17*h(m). List the prime factors of r(2).
2
Suppose -2*j - 2*u = 8, 5*u + 7 = 2*j - 6. Let q be (0 - j)*(3 + -4). Let t = 1 - q. What are the prime factors of t?
2
Suppose -4*p + 26 = -98. What are the prime factors of p?
31
Let s(n) = -9*n + 11. Let y be s(-8). Suppose -2*f - y = -3*b, 4*b - 3*f = 5*b - 24. What are the prime factors of b?
3
Suppose -2*p + 3 = -p. Suppose 101 = 4*a - p*h, 15 - 142 = -5*a + 3*h. What are the prime factors of a?
2, 13
Let r be (3/(-6))/(1/(-16)). Suppose r = a + a. Suppose a*k - 11 = k - 4*z, -3*k = 2*z - 19. What are the prime factors of k?
3
Let o be (2 - 0) + 50 + -2. Suppose -4*q + o = q. What are the prime factors of q?
2, 5
What are the prime factors of (-6)/15 - (-535)/25?
3, 7
Let z(t) = -2*t**2 + 13*t - 8. What are the prime factors of z(5)?
7
Suppose 4*s + y - 644 = 0, -3*s = 2*s + y - 806. What are the prime factors of s?
2, 3
Suppose -3*o = -2*p - 5, 2*p + 4*o - 22 = -3*p. List the prime factors of ((-17)/p)/(3/(-6)).
17
Let i(n) = -n + 1. Let d be i(7). Let l be (-1 + -1)/((-4)/d). List the prime factors of 2 + l - -4*3.
11
Suppose v = 4*b + 12 - 68, 3*b - 65 = -5*v. Suppose -3*m + 2*x + 21 = -3*x, -m + b = x. List the prime factors of m.
2, 3
Suppose -2*c + v + 152 = -0*v, 0 = c - 4*v - 69. List the prime factors of c.
7, 11
Let j = 138 + -59. What are the prime factors of j?
79
Suppose -3 = -4*n - 11, 0 = -4*t + 4*n + 40. Suppose -5 = -4*m + 3*a, -5*a = 2*m - 13 - 22. What are the prime factors of 58/m + t/20?
2, 3
Let o be 21*2/(-12)*-2. Let x be (0/1)/(7/o). Suppose 2*a + 0*a - 28 = x. List the prime factors of a.
2, 7
Suppose 4*j + 11 - 23 = 0. Let k = j - -2. List the prime factors of k.
5
Suppose -3*r + 2*r - 5*p = -47, -p = 5*r - 235. What are the prime factors of r?
47
Suppose 4*u + 51 = k, u - 4*k + 7 + 2 = 0. What are the prime factors of 0 - (u + (-3 - -3))?
13
Let o be (7/14)/((-1)/82). Let m = -25 - o. List the prime factors of m.
2
Let q be 12/(-18)*(0 + 6). What are the prime factors of (-10)/(-1)*(-2)/q?
5
Let u(j) = j**2 - 2*j + 9. What are the prime factors of u(6)?
3, 11
Suppose c - 216 = -2*c. What are the prime factors of c?
2, 3
Let s(t) be the third derivative of 5*t**4/8 + t**3/6 + 3*t**2. What are the prime factors of s(1)?
2
Let l(i) = 3*i**2 - 4*i + 2. Let a be (-35)/(-15)*(2 - -1). Let p(w) = 9*w**2 - 12*w + 5. Let f(v) = a*l(v) - 2*p(v). List the prime factors of f(3).
19
Let u be -1 - (-24 - 1) - -1. Let n = -12 + u. List the prime factors of n.
13
List the prime factors of -4*((-46)/20)/(4/10).
23
Suppose 5 = b - 2*b. What are the prime factors of (b - -1) + 3 + 6?
5
Suppose -4*t = 4*c - 168, c + 3*c + 5*t - 167 = 0. List the prime factors of c.
43
Let m(p) = p**2 - 9*p + 8. Suppose -r + 3 = 2*r, 5*r + 4 = s. What are the prime factors of m(s)?
2
Let h(u) = -20*u**3 - u**2 - 2*u - 1. Let z be (-2)/(4 + (-4)/2). List the prime factors of h(z).
2, 5
What are the prime factors of 7/(3 - 33/12)?
2, 7
Let c(w) = -5*w**2 + 23*w**3 - 5*w**2 - 6 - 22*w**3 + 13*w. What are the prime factors of c(9)?
2, 3, 5
Suppose 0 = -2*h + o + 124, h + o + 3*o - 44 = 0. What are the prime factors of h?
2, 3, 5
Let b(m) be the second derivative of m**4/6 + m**3 - 2*m**2 + m. Let u be b(-5). Suppose 2*g - u = -s - 5, 3*s + 2*g - 33 = 0. List the prime factors of s.
11
Suppose s = 6*s - 215. List the prime factors of s.
43
Let t(b) = -3 + 0*b**3 + 4*b**2 + 3*b**3 + b - 2*b**3 + 2. Let d be t(-4). Let j = 9 + d. What are the prime factors of j?
2
Let z(x) = -x**3 + 8*x**2 - 9*x + 16. Let o be z(7). Suppose -o*c - t = -56, c - 44 = -t - 14. List the prime factors of c.
2, 13
Suppose -3*o - 5 - 1 = 0, -3*n + 14 = -4*o. Suppose 2*t = 3*t, 4*k - 60 = 4*t. List the prime factors of (k/n)/((-3)/(-4)).
2, 5
Suppose -5*h + 15 = 0, -3*u + h - 12 = -3*h. Suppose -3*l + 105 = -u*l. Let w = l - 23. List the prime factors of w.
2, 3
Suppose 11 = 3*m + 4*d, 8 + 1 = 3*m + 3*d. Suppose 0 = i - 3 + m. What are the prime factors of i?
2
Let t(s) = -6*s + 2. Let b = -11 + 8. List the prime factors of t(b).
2, 5
Suppose c = -c + 8. Suppose 3*r = i + 15, 1 + c = 5*r. Let n = i - -21. What are the prime factors of n?
3
Let r(l) = l**3 - 6*l**2 - 9*l + 3. List the prime factors of r(8).
59
Let i(n) = 1. Let f(o) = o**2 - 6*o + 3. Let b(j) = f(j) + 2*i(j). Let y(k) = k - 1. Let s be y(7). What are the prime factors of b(s)?
5
Let r = 275 - -61. What are the prime factors of r?
2, 3, 7
Let v = -692 + 48. What are the prime factors of (v/8)/(-7)*2?
23
Suppose -3*n = -198 + 12. Suppose 3*s + 2*s = 2*g + 14, -s - n = 5*g. What are the prime factors of (-16)/g*(4 - 1)?
2
Let m = -12 + 18. Suppose 3 - m = -z. Suppose 0 = -z*p + 5*c + 31, 0 = -8*p + 3*p - 3*c + 29. List the prime factors of p.
7
Suppose -3 = -5*d + 12. Suppose 0 = -d*o - 10 + 49. List the prime factors of o.
13
Let j = -3 - -5. Let r(p) = -p**2 - p**2 - 3 + 0*p**j - 2*p**3 - 2*p. List the prime factors of r(-2).
3
Let i = -2 - -11. Suppose 2*l + i*g = 4*g, 2*g = -2*l + 6. Suppose 0 = l*p - 1 - 54. List the prime factors of p.
11
Let d(b) = 2*b + 3. Let y be d(4). Let g = y - 0. List the prime factors of g.
11
Suppose 5*f - 3 - 17 = 0. List the prime factors of 14/8*(0 + f).
7
Suppose -5*z = -4*j - 33 - 12, 0 = -3*z - 3*j. Let c = 7 - z. What are the prime factors of c?
2
Suppose 3*s + 74 + 61 = 0. What are the prime factors of (s/6)/((-5)/10)?
3, 5
Suppose 3*v + 1 = 3*c - 32, v + 5*c - 7 = 0. Let d be ((-14)/8)/((-2)/v). Let z = d + 14. List the prime factors of z.
7
Suppose -2*y = 2*y - 8. Suppose -4*g - 20 = 0, -y*g = -2*l - 0*g + 60. List the prime factors of l.
5
Let y = 6 + -3. Suppose 4 + 23 = y*v. What are the prime factors of v?
3
Suppose 2*o + 5*i = -16 + 59, 0 = 2*o - 2*i - 8. Let z be (-106)/6 + (-3)/o. Let l = 29 + z. What are the prime factors of l?
11
Suppose 3 - 28 = -5*t - 5*k, 0 = 2*t + 4*k - 4. What are the prime factors of t?
2
List the prime factors of 159/7 + (-6)/(-21).
23
Let h = -13 - -9. Let o(n) = n**3 + 4*n**2 - 2*n - 6. Let x 